(f) = 86*f + 5497. Calculate v(-64).
-7
Let j(v) = 2*v**3 - 99*v**2 + 62*v - 662. Calculate j(49).
-25
Let d(q) = -43*q**2 + 1030*q + 22. Give d(24).
-26
Let i(p) = p**2 - 69*p - 297. What is i(73)?
-5
Let q(f) = 679*f + 3411. Calculate q(-5).
16
Let w(p) = 62*p**3 + p**2 - 13*p - 32. Give w(-2).
-498
Let s(h) = -h**3 - 87*h**2 + 24. Calculate s(-87).
24
Let p(u) = 1644*u + 29603. What is p(-18)?
11
Let f(l) = -61*l**3 + l**2 - 5. Give f(-2).
487
Let b(j) = j**3 + 6*j**2 - 60*j - 277. Give b(-6).
83
Let a(b) = -2*b**3 + 14*b**2 - 27*b + 8. Give a(5).
-27
Let m(s) = -s**3 - 2*s**2 + 173*s + 27. Calculate m(-14).
-43
Let v(c) = 2*c + 20. Give v(7).
34
Let u(d) = -2*d**2 + 51*d + 17. Determine u(26).
-9
Let b(z) = -4*z**2 - 59*z + 24. Determine b(-18).
-210
Let c(h) = -11*h**2 - 91*h - 23. What is c(-9)?
-95
Let z(r) = -r**2 + 1799*r - 19673. Calculate z(11).
-5
Let s(n) = 5*n**3 - 92*n**2 - 28*n - 540. Give s(19).
11
Let m(l) = 30*l**2 - 1983*l + 190. Calculate m(66).
-8
Let g(m) = -27*m**2 + 90*m - 32. What is g(3)?
-5
Let v(c) = -61*c**2 + 2340*c - 829. Calculate v(38).
7
Let l(p) = 17*p**2 + 100*p - 161. Give l(-7).
-28
Let j(k) = -2*k**3 + 4*k**2 + 18*k - 31. Give j(6).
-211
Let v(t) = 9*t + 202. Give v(-20).
22
Let d(o) = -3*o**2 + 85*o + 259. What is d(31)?
11
Let u(l) = 6*l**3 - 2*l**2 - 15*l + 32. Determine u(2).
42
Let t(v) = -6*v**2 - 64*v + 750. Determine t(7).
8
Let a(r) = -36*r - 1648. Calculate a(-38).
-280
Let q(r) = -2343*r + 37470. Give q(16).
-18
Let a(w) = -2*w**3 + 29*w**2 - 112*w + 616. Calculate a(12).
-8
Let c(t) = -5*t**2 + 43*t + 65. What is c(9)?
47
Let y(d) = -d**3 - 6*d**2 - d - 8. Give y(-4).
-36
Let a(n) = 30*n**3 + 12*n**2 - 5*n - 11. Give a(-2).
-193
Let h(l) = -75*l - 3464. What is h(-46)?
-14
Let f(r) = -r**2 + 288*r + 15749. Give f(-47).
4
Let k(q) = 76*q - 2357. Determine k(31).
-1
Let r(b) = -4*b**3 - 22*b**2 + 25*b + 69. Give r(-6).
-9
Let k(v) = -3669*v - 77052. Calculate k(-21).
-3
Let m(i) = i**3 + 24*i**2 + 93*i - 9. What is m(-5)?
1
Let i(d) = -4406*d + 39675. Determine i(9).
21
Let s(y) = -31*y - 984. Determine s(-34).
70
Let w(f) = -7*f**2 - 18*f + 3. What is w(-8)?
-301
Let j(t) = -t**3 + 119*t**2 - 117*t - 74. What is j(118)?
44
Let k(w) = 274*w + 3361. Give k(-12).
73
Let m(x) = 2*x**3 + 19*x**2 + 16*x - 6. What is m(-9)?
-69
Let x(m) = 67*m**2 - 3*m + 11. What is x(0)?
11
Let d(l) = -6*l**2 + 844*l - 26868. Determine d(92).
-4
Let f(c) = -783*c - 3906. What is f(-5)?
9
Let f(l) = l**3 + 16*l**2 + 17*l + 169. Determine f(-16).
-103
Let i(u) = -282*u - 412. Give i(-2).
152
Let g(u) = 1592*u - 6365. Calculate g(4).
3
Let x(o) = o**3 + o**2 - 8*o - 15. Calculate x(3).
-3
Let h(v) = v**3 - 84*v**2 + 95*v - 998. Calculate h(83).
-2
Let d(l) = -2*l**3 - l**2 - 7*l - 17. Determine d(0).
-17
Let o(z) = z**2 + 17*z + 83. Give o(-15).
53
Let p(y) = -35*y - 13. Determine p(-2).
57
Let j(v) = -v**3 + 6*v**2 + 5*v + 46. Calculate j(7).
32
Let q(x) = x**3 + 31*x**2 + 61*x + 59. Determine q(-29).
-28
Let r(t) = -50*t - 3327. Give r(-66).
-27
Let x(z) = -3*z**3 + 2*z**2 + 64*z + 172. Determine x(-6).
508
Let w(i) = -i**2 - 87*i + 562. What is w(6)?
4
Let z(u) = 19*u - 11. Determine z(-1).
-30
Let l(z) = -4128*z + 20645. Calculate l(5).
5
Let i(k) = k**3 - 26*k**2 + 113*k - 124. Determine i(21).
44
Let p(g) = 81*g + 86. Calculate p(-7).
-481
Let u(f) = -f**3 - 7*f**2 + 13*f + 11. Calculate u(0).
11
Let k(h) = -h**3 + 15*h**2 - 27*h - 17. Calculate k(11).
170
Let j(u) = -14558*u + 174690. Give j(12).
-6
Let b(n) = n**3 + 86*n**2 + 1847*n - 95. Determine b(-43).
-9
Let c(x) = -47*x - 767. Calculate c(-16).
-15
Let d(q) = -q**2 + 6*q + 110. What is d(14)?
-2
Let m(q) = -29*q - 1578. Give m(-56).
46
Let d(p) = 296*p - 2374. Give d(8).
-6
Let y(v) = v**3 + 95*v**2 + 362*v - 174. Calculate y(-91).
8
Let u(a) = -11*a**2 - 6*a + 10. Determine u(-4).
-142
Let l(f) = -111*f + 98. Calculate l(1).
-13
Let o(m) = -4*m**3 + 68*m**2 - 13*m + 236. Determine o(17).
15
Let o(w) = 1596*w + 1669. What is o(-1)?
73
Let y(d) = 3643*d - 10913. Calculate y(3).
16
Let z(y) = 3*y**3 - 2*y + 12. Determine z(-3).
-63
Let u(y) = -2*y**2 + 2122*y + 6376. Give u(-3).
-8
Let c(k) = k**2 - 25*k - 1392. Calculate c(-27).
12
Let y(r) = r + 3. Determine y(29).
32
Let q(b) = -b**3 - 3*b**2 + 15*b - 14. What is q(-6)?
4
Let j(v) = -v**2 + 15*v + 2838. What is j(-46)?
32
Let j(q) = 799*q + 91902. What is j(-115)?
17
Let t(g) = -15*g + 684. What is t(45)?
9
Let s(w) = -6*w**2 - 10*w - 20. Give s(-5).
-120
Let k(o) = 5*o**2 + 140*o + 122. Calculate k(-27).
-13
Let t(u) = 45*u + 93. Determine t(-3).
-42
Let u(q) = -q**2 - 129*q - 959. Calculate u(-8).
9
Let g(d) = d + 97. Calculate g(37).
134
Let l(p) = 3*p**2 - 159*p + 282. Calculate l(51).
-24
Let k(s) = s**2 + 54*s - 180. What is k(0)?
-180
Let l(a) = -53*a + 863. Determine l(24).
-409
Let n(x) = -x**3 - 41*x**2 - 34*x - 3188. Give n(-42).
4
Let w(y) = -64*y + 42. Determine w(4).
-214
Let i(c) = -43*c + 1157. Give i(26).
39
Let b(k) = 10*k - 151. What is b(15)?
-1
Let v(z) = 3*z**3 - 54*z**2 - 16*z + 20. Calculate v(18).
-268
Let a(s) = -2*s**2 - 68*s - 563. What is a(-15)?
7
Let s(t) = 42*t**2 - 232*t - 256. What is s(-1)?
18
Let m(f) = -12725*f + 25479. What is m(2)?
29
Let i(z) = -37*z - 3286. Determine i(-89).
7
Let q(h) = -206*h - 9030. Determine q(-44).
34
Let z(w) = -w**2 + 18*w - 61. What is z(15)?
-16
Let f(a) = -324*a + 1932. Determine f(6).
-12
Let w(z) = 11*z**3 + 132*z**2 + 3*z + 55. What is w(-12)?
19
Let s(u) = -u**3 - 4*u**2 + 83*u + 388. Determine s(-5).
-2
Let w(y) = 2*y**3 + 22*y**2 - 97*y - 444. What is w(-3)?
-9
Let f(z) = z**3 + 25*z**2 + 131*z - 79. Determine f(-17).
6
Let d(o) = -o**3 - 14*o**2 - 11*o - 25. Calculate d(-12).
-181
Let o(r) = -r**3 - 7*r**2 + 132*r + 837. Give o(-6).
9
Let y(x) = 842*x + 16813. What is y(-20)?
-27
Let y(r) = r**2 - 22*r + 121. Calculate y(10).
1
Let x(r) = 2*r**3 + 6*r**2 - 14*r - 25. Calculate x(-4).
-1
Let l(v) = -5*v**2 + 392*v + 198. What is l(79)?
-39
Let d(x) = -9*x**2 - 531. What is d(0)?
-531
Let v(l) = -61*l + 493. Determine v(8).
5
Let q(d) = 2*d**3 + 9*d**2 + 40*d + 48. What is q(-2)?
-12
Let h(n) = n**2 + 179*n - 1093. Determine h(6).
17
Let j(g) = -3*g**2 + 217*g - 3429. Give j(49).
1
Let s(g) = 15*g + 141. Calculate s(-5).
66
Let g(s) = 64*s + 1097. What is g(-17)?
9
Let w(b) = 50*b + 246. Determine w(-10).
-254
Let h(s) = s**3 - 23*s**2 - 49*s - 35. Determine h(25).
-10
Let n(u) = 3*u**2 - 43*u + 44. Determine n(1).
4
Let u(o) = 11*o**2 + 157*o + 183. What is u(-13)?
1
Let g(t) = 10*t**2 + 205*t - 202. Give g(1).
13
Let b(y) = y**3 - 12*y**2 - 681*y + 1300. Determine b(32).
-12
Let w(m) = -33*m - 95. Calculate w(-11).
268
Let x(b) = 11*b + 71. Give x(-7).
-6
Let f(w) = -933*w**2 + 5600*w - 4. Determine f(6).
8
Let z(r) = r**2 + 30*r - 104. What is z(3)?
-5
Let w(m) = -63*m + 1013. Determine w(16).
5
Let s(a) = 2*a**3 + 42*a**2 + 130*a - 57. Calculate s(-17).
45
Let z(l) = -141*l**2 + 22561*l - 162. Determine z(160).
-2
Let a(x) = -114*x**2 - 7*x + 7. Calculate a(2).
-463
Let r(u) = -u**3 + 85*u**2 - 391*u - 600. Calculate r(80).
120
Let m(c) = c**2 - 16*c - 132. Give m(19).
-75
Let q(v) = -5*v**2 + 163*v - 63. Calculate q(30).
327
Let g(t) = 267*t - 1268. Calculate g(5).
67
Let q(b) = b**3 - 43*b**2 - 79*b + 1443. Calculate q(44).
-97
Let y(r) = 5341*r + 64082. What is y(-12)?
-10
Let d(q) = -q**3 + 2*q**2 + 543*q - 1624. Determine d(3).
-4
Let p(c) = -2*c**3 - 52*c**2 - 79*c + 29. Give p(-24).
-379
Let z(w) = 76*w + 2145. Determine z(-27).
93
Let x(p) = 10*p**2 - 151*p + 10. Calculate x(15).
-5
Let g(c) = c**3 - 3*c**2 - 139*c + 360. What is g(12)?
-12
Let q(w) = -2*w**2 + 122*w - 1686. Determine q(40).
-6
Let x(l) = 2*l**3 + 14*l**2 - 9*l + 79. Determine x(-10).
-431
Let j(w) = 2*w**3 - 19*w**2 + 112*w - 932. Determine j(9).
-5
Let b(v) = -2*v**2 + 14*v + 163. Determine b(-7).
-33
Let f(o) = -68*o - 1785. Determine f(-26).
-17
Let v(q) = -q**2 - 11*q + 112. Calculate v(-19).
-40
Let b(v) = -2*v**3 - v**2 + 65*v - 232. Give b(4).
-116
Let a(b) = -b**3 - 14*b**2 - 132*b - 1295. Give a(-11).
-206
Let f(p) = p**3 - 7*p**2 + 8*p - 6. Determine f(8).
122
Let b(n) = -85*n**2 - 35020*n + 4. What is b(-412)?
4
Let z(l) = l**2 + 50*l + 